
Let j(k) = -k**2 + 7*k + 5. Let z be -4*(-10)/4 + (-45)/15. Determine j(z).
5
Let f = 25 - 13. Let q = 8 - f. Let h(a) = 2*a. Determine h(q).
-8
Let b(m) = 4*m + 20*m**3 + 19*m**3 + m**2 - 38*m**3 - 2 - 3*m**2. Give b(2).
6
Suppose 3*v - 4*a = -3, 3*v + 4*a - 10 = -37. Let h(p) = -p**3 + p**2 - p + 1. Let z(s) = -3*s**3 + 9*s**2 - 3*s + 11. Let u(g) = -4*h(g) + z(g). Give u(v).
2
Let q(x) = -2*x**2 - 3*x - 1. Let p be q(-2). Suppose -10 = -h - 4*h. Let o(d) = -3 + d**3 - d - 3*d**h + 0*d**3 - 2*d**3. What is o(p)?
0
Let a(q) be the first derivative of -q**3/3 + 5*q**2/2 + 7*q + 3. Let n be (-29)/(-4) + 4/(-16) - 1. Calculate a(n).
1
Let x(m) be the third derivative of -m**6/120 + m**5/15 + m**4/24 - 2*m**3/3 - 2*m**2. Let h(f) = -3 + 0*f**2 + 2 + 5*f**2. Let k be h(-1). Calculate x(k).
0
Suppose -2 + 12 = 5*x. Let q(z) = -z - 3 + x + 2 + 2*z. Determine q(3).
4
Let q(s) = 4*s + 3 - s**3 + 2 - 15 - 2*s**2 + 13. Give q(-3).
0
Suppose 3*w + 12 = 21. Let k(r) be the third derivative of -r**6/120 + r**5/20 + r**4/8 - 2*r**3/3 + r**2. Calculate k(w).
5
Let u(i) = -3*i + 3*i + 2 - i - 5. What is u(-6)?
3
Let z be (-2)/6 + 50/(-30). Let t(v) = -v + 1. Let r(u) = -2*u + 3. Suppose 5*l = -o + 4*o + 15, 0 = l - 3*o - 3. Let a(m) = l*t(m) - r(m). Determine a(z).
2
Let b(x) be the third derivative of -x**4/6 + x**3/2 + 5*x**2. Let v(h) = -h + 1. Let u(p) = 2*b(p) - 7*v(p). Calculate u(-5).
4
Let i(a) = -a**3 - 7*a**2 + 4*a - 2. Let v(o) = 6*o**3 + 36*o**2 - 21*o + 10. Let k(b) = 11*i(b) + 2*v(b). Determine k(4).
-10
Let l = 8 + -5. Let z(n) be the first derivative of l*n + n**2 + 1 - n - 4*n. Give z(3).
4
Suppose -7 = 2*w + 2*m - 7*m, -5*w = 4*m + 1. Let z be -4 + 3 - 3*w. Let p(s) = -s**2. Give p(z).
-4
Let z(l) = 4*l + 1. Let q = -18 + 27. Let o = -10 + q. Determine z(o).
-3
Let u(v) = v**2 + 6*v + 5. Let r be u(-6). Let x(w) = w**2 - 2 - 6*w**2 + 102*w**3 - 2 - 101*w**3. Calculate x(r).
-4
Let w be 4/14 + (-69)/21. Let p(y) be the second derivative of -4*y - 2/3*y**3 + 1/2*y**2 + 0 - 1/12*y**4. What is p(w)?
4
Let g(s) be the second derivative of 3*s - 1/6*s**3 - 2*s**2 + 0. Calculate g(5).
-9
Let k(c) = -c**3 + c**2 + c + 1. Let d be (9/2)/((-3)/4). Let v = d - -6. Give k(v).
1
Let z(s) = s**2 - 4*s. Let u be z(5). Suppose a - 10 = -3*n + u*a, 0 = n + 4*a + 2. Let l(x) = -10*x**2 + 2*x + 4 + 8*x**2 - 2*x**2 - 2. Determine l(n).
-10
Let k(w) = -w**3 + 3*w**2 + w - 2. Let t be k(3). Let v(j) = -5*j**3. Calculate v(t).
-5
Let d be -3*(-4)/(-18)*-3. Let l(z) be the third derivative of 0*z - 1/8*z**4 + 0*z**3 - z**2 + 0. Calculate l(d).
-6
Suppose 2*g = 4*r + 12 + 2, 5*r = g - 16. Let m be (2/5)/((-2)/(-10)). Let o(j) = j**m + 4 - 1 - j - 2*j**2 + 0*j**2. Calculate o(r).
-3
Let f(n) = -5 + 2*n - 54*n**2 + 3*n + 53*n**2. Give f(5).
-5
Let g = 4 + 0. Let c(r) = -1 + 3 + g*r + r**2 - 1. Give c(-4).
1
Let a(s) be the first derivative of s**5/20 + s**4/12 + s**3/6 + 5*s**2/2 + 3*s + 1. Let c(l) be the first derivative of a(l). Give c(0).
5
Let r = 64 - 46. Suppose -3*x = -p + 16, -3*p - r + 6 = 3*x. Let z(t) = -2 - 2*t**2 + 3 + 4*t**2. Calculate z(p).
3
Let r(f) = f + 8. Let s be r(-8). Let c(d) = -d**2 - 2 - 1 + d + 1. Determine c(s).
-2
Let v(o) = o**3 + 7*o**2 - o - 4. Suppose p - 5*p = 4*f + 48, 0 = p - 3*f - 8. Calculate v(p).
3
Let r(x) = 6*x**2 + 1. Suppose 0*k = -k + c - 2, -19 = -4*k - 5*c. Determine r(k).
7
Suppose -4*y - 4 = 0, 7 = 2*h + 3*y + 20. Let k = 10 - 5. Let n(p) = k + 4*p - 3*p + 1. What is n(h)?
1
Let a(m) = 12*m**2. Let f(u) = 12*u**2. Let c(j) = 6*a(j) - 7*f(j). What is c(1)?
-12
Let k(q) = -8*q + 2. Let m(j) = 4*j - 1. Let n(w) = -2*k(w) - 5*m(w). Give n(3).
-11
Suppose 0 = -0*f + 3*f - 12. Suppose 0 = 4*i - 12, -23 + 108 = -5*x - 5*i. Let n be (-5)/x - (-3)/f. Let o(p) = 3*p**3 + p**2 - 2*p + 1. Calculate o(n).
3
Suppose 1 = -5*n + s + 20, 3*s = -12. Suppose -4 - 2 = n*d. Let p(q) = q**3 + q**2 + q - 2. What is p(d)?
-8
Suppose 3*o + 2*o = 0. Let r = o + 6. Let j(h) = h**2 - 7*h + 9. Calculate j(r).
3
Let w(k) = k**2 + 3*k + 1. Let n(d) = 4*d**3 - d**2 - 3*d - 2. Let h be n(-1). Let u be w(h). Let y(s) = -s**2 + 4*s + 5. What is y(u)?
0
Let c(y) = -1 + y**2 + 4*y - 3 - 8*y. Let t(d) = d**2 + 10*d + 5. Let r be t(-10). Let v be (2*-1)/(r/(-10)). Give c(v).
-4
Let l(k) be the third derivative of k**6/120 - 2*k**5/15 + 7*k**4/24 + k**3 + 2*k**2. Calculate l(7).
6
Let z be 7 + (-6)/2 + 0. Let k(c) = -4 + 5*c + z + 1 + 2. Give k(-2).
-7
Let o = 5 - 3. Suppose 0 = -g - 3, -1 = -5*b - 4*g + o. Let q(x) = -1 - x**3 - 2*x**3 + 2*x**3 + b*x**2 + 2. Determine q(3).
1
Let p(a) be the second derivative of 1/2*a**2 + 0*a**3 - 2*a + 0 + 5/12*a**4. Suppose 4*k = 5 - 1. Determine p(k).
6
Suppose -5*i + 0*i - 5 = 0. Let y(c) be the second derivative of -c**4/2 - 9*c - 7. Calculate y(i).
-6
Let v(p) = 0*p + p**3 + 0*p + 6 - 2 + 5*p**2. Let f be (20/(-6))/(12/18). Determine v(f).
4
Let n(k) = -2*k + 20. Let d be n(9). Let l(h) be the second derivative of -3*h - 1/20*h**5 + d*h**2 + 0 - 5/12*h**4 - 1/6*h**3. What is l(-5)?
9
Suppose -2*s = -4*h - 0*s - 4, s = 4*h. Let n(a) = 11*a**2 + a - 3. Let p(q) = -5*q**2 + 4*q**2 + 2*q**2 + 1 - 2. Let x(t) = h*n(t) - 4*p(t). Determine x(-1).
7
Let q be -1 + 4/12*3. Let i(l) be the third derivative of -l**6/120 - l**4/24 + l**3/3 - 2*l**2. What is i(q)?
2
Let a = -3 - 1. Let d(w) = -w**2 + 3 + 5*w - 10*w - 8. Determine d(a).
-1
Let u = 69 - 66. Let r(t) = -t**2 + 3*t + 4. Calculate r(u).
4
Let m(o) = o**3 - o**2 - o + 1. Let c(b) = -b**2. Suppose -2 = 3*w + 22. Let h be 2*-2 + (-24)/w. Let f(n) = h*m(n) + c(n). Determine f(2).
-7
Let l be (-12)/(-42) + (-80)/(-14). Suppose -l = -d - d. Suppose 0 = -g - t - 3*t + 1, -4 = -4*g - d*t. Let i(y) = 4*y + 1. What is i(g)?
5
Let j = -12 - -14. Let f(n) = -n**3 + 7*n**j - 4 - 18*n + 7 + 13*n + 0*n**3. What is f(6)?
9
Suppose -7*v - 20 = -11*v. Let m(b) = -3*b**2 - 10*b + v*b + 5*b. Give m(1).
-3
Let g(m) = 2*m - 3*m + 11 - 19. Let l(o) = -o - 4. Let f be l(-4). Give g(f).
-8
Let q(p) = -p**2 - 8*p + 4. Let m be q(-8). Suppose m*l = -l. Let u(y) = y - 1. Determine u(l).
-1
Let o = 70 - 67. Let q(t) = -7*t + 1. What is q(o)?
-20
Let u(l) = 2*l + 16. Let s be u(-10). Let g(m) = -6*m - 4. Let z(k) = -2*k - 1. Let x(t) = 3*g(t) - 8*z(t). Calculate x(s).
4
Suppose -4*f - 3*a = 0, f = -0*f + 2*a. Let r(z) = 2*z + 7*z**2 - 8*z**2 - 5*z + f*z. What is r(-5)?
-10
Let x(v) = -v**3 + 4*v**2 - 2*v + 8. Let s be x(4). Suppose s*p = 2*p. Let o(i) = i**2 + 3. Determine o(p).
3
Let h(u) = -u**2 - 3*u - 3. Suppose -4*w + 17 = -3. Let c = -9 + w. Determine h(c).
-7
Let w(t) be the third derivative of -t**4/24 + 4*t**2. What is w(4)?
-4
Let s(j) = 7*j**2 + 1. Let n(z) = -8*z**2 - 1. Let c(r) = -6*n(r) - 7*s(r). Let y = -1 - -5. Suppose y*h - 2*q = -q + 3, 5*q - 6 = -h. Determine c(h).
-2
Let s = 1 - -4. Suppose -o + 1 - s = 0. Let l(i) = 2*i + 4. Give l(o).
-4
Let l(f) = -f**3 - 5*f**2 - 2*f - 4. Suppose -2 = c - 1. Let t = c - 1. Let j be (20/(-12))/(t/(-6)). What is l(j)?
6
Suppose -4*y = -4*d + 16, -5*d + 4 = 2*y - 2. Let f(k) be the first derivative of 2 - 1/4*k**4 - 1/3*k**3 + 2*k + 1/2*k**d. What is f(-2)?
4
Let i(a) be the first derivative of a**6/360 - a**5/120 - 7*a**4/24 - 2*a**3/3 + 2. Let t(j) be the third derivative of i(j). Determine t(0).
-7
Let r be -3 + 1 + -2 - -2. Let o be (9/(-6))/1*r. Let h(z) = 4*z**2 + z - 5. Let m(t) = -3*t**2 + 4. Let l(p) = -2*h(p) - 3*m(p). Give l(o).
1
Let j(f) = f**3 + 5*f**2 - f - 7. Suppose 2*k - 1 = 3. Suppose -c + 10 = -k. Suppose 2*a + 0*a + s = -c, -4*s = -3*a - 7. Determine j(a).
-2
Let i(k) = -k**2 - k - 1. Let c(v) = -5*v**2 - v + 1. Let t(w) = -c(w) + 4*i(w). Give t(5).
5
Let u(h) = -h + 2. Let d be u(0). Let s(x) be the second derivative of -3*x + 0*x**2 + 0 - 1/6*x**3. Calculate s(d).
-2
Let l be (6/7)/(-3) - (-462)/(-98). Let r(k) = k**3 + 7*k**2 + 7*k + 1. Determine r(l).
16
Let a(s) = s**2 - 6*s + 1. Let x be a(7). Let j = x + -3. Suppose j*o + 5*k + 10 = 0, -4*o + 3*k = -k + 16. Let l(g) = -g**3 - 3*g**2 + 3*g + 2. What is l(o)?
-7
Let d(w) = w**3 - 7*w**2 + 3*w - 19. Let i be d(7). Let q(k) be the first derivative of -5*k - 3 - 3/2*k**i. Give q(-4).
7
Let f(x) = 2*x - 2 - 3*x**2 + x + x**2. Let k(n) = -n**2 - 6*n - 7. Let j be k(-